 -3 (base 4) to base 8.
-3
8 (base 14) to base 9
8
What is -11 (base 13) in base 5?
-24
Convert a (base 11) to base 5.
20
What is 22 (base 6) in base 9?
15
Convert -1 (base 14) to base 13.
-1
What is -2a (base 16) in base 15?
-2c
What is -80 (base 9) in base 15?
-4c
-2012 (base 3) to base 12
-4b
What is 1120 (base 3) in base 8?
52
100 (base 11) to base 13
94
Convert -5b (base 13) to base 2.
-1001100
-151 (base 6) to base 9
-74
1 (base 4) to base 8
1
What is 2 (base 3) in base 7?
2
25 (base 10) to base 9
27
What is -2 (base 10) in base 3?
-2
What is 166 (base 15) in base 5?
2241
-4 (base 7) to base 4
-10
10d (base 15) to base 10
238
What is 21000 (base 3) in base 14?
d7
-16 (base 10) to base 13
-13
What is 29 (base 15) in base 16?
27
What is -140 (base 16) in base 12?
-228
What is 205 (base 8) in base 11?
111
What is -1200 (base 3) in base 9?
-50
What is -11222 (base 4) in base 8?
-552
-d4 (base 14) to base 7
-354
What is -1000 (base 2) in base 7?
-11
Convert 5 (base 15) to base 16.
5
17 (base 15) to base 6
34
Convert -1001 (base 2) to base 6.
-13
9 (base 10) to base 6
13
10 (base 7) to base 11
7
Convert 3 (base 16) to base 8.
3
31 (base 6) to base 12
17
What is 0 (base 6) in base 3?
0
What is 3 (base 15) in base 6?
3
What is 136 (base 7) in base 4?
1030
What is 11 (base 4) in base 10?
5
Convert -3 (base 16) to base 13.
-3
What is 4 (base 11) in base 3?
11
-5 (base 12) to base 15
-5
Convert -1 (base 15) to base 9.
-1
-25 (base 10) to base 11
-23
Convert 4 (base 10) to base 16.
4
What is 9b (base 12) in base 2?
1110111
What is -5 (base 10) in base 12?
-5
Convert -2 (base 11) to base 14.
-2
Convert 202 (base 4) to base 9.
37
-25 (base 7) to base 4
-103
-1 (base 7) to base 12
-1
Convert 2 (base 13) to base 16.
2
Convert -2 (base 13) to base 12.
-2
Convert -86 (base 9) to base 3.
-2220
What is 0 (base 6) in base 16?
0
Convert -3 (base 13) to base 6.
-3
Convert a (base 16) to base 2.
1010
What is -4 (base 8) in base 10?
-4
1 (base 8) to base 15
1
-130 (base 6) to base 10
-54
What is 3 (base 12) in base 10?
3
What is -25 (base 7) in base 11?
-18
What is 462 (base 7) in base 15?
110
Convert 3 (base 8) to base 4.
3
What is 6 (base 13) in base 15?
6
What is 1000 (base 3) in base 8?
33
-e (base 16) to base 2
-1110
-12 (base 4) to base 12
-6
-200 (base 6) to base 8
-110
What is 60 (base 8) in base 10?
48
121 (base 3) to base 11
15
0 (base 6) to base 10
0
13 (base 9) to base 3
110
Convert -b1 (base 16) to base 5.
-1202
Convert -100000101 (base 2) to base 3.
-100200
What is -15 (base 13) in base 12?
-16
Convert -5 (base 7) to base 3.
-12
Convert -b (base 13) to base 3.
-102
-17 (base 11) to base 16
-12
What is -99 (base 16) in base 4?
-2121
Convert -2 (base 14) to base 2.
-10
What is -10 (base 6) in base 12?
-6
65 (base 14) to base 15
5e
Convert 8 (base 9) to base 10.
8
Convert -1 (base 2) to base 11.
-1
Convert 10 (base 12) to base 9.
13
What is 1c (base 15) in base 13?
21
-6 (base 14) to base 6
-10
-110221 (base 3) to base 12
-251
Convert -37 (base 15) to base 4.
-310
Convert 0 (base 4) to base 7.
0
Convert 0 (base 8) to base 16.
0
What is 10 (base 8) in base 14?
8
Convert 1 (base 13) to base 6.
1
Convert 20 (base 16) to base 13.
26
2 (base 12) to base 11
2
7 (base 16) to base 14
7
313 (base 4) to base 3
2001
What is -110 (base 2) in base 16?
-6
What is 2 (base 15) in base 3?
2
0 (base 2) to base 9
0
-1 (base 11) to base 2
-1
Convert -122 (base 4) to base 10.
-26
Convert -c8 (base 13) to base 2.
-10100100
20 (base 5) to base 7
13
What is -2 (base 10) in base 7?
-2
Convert -11 (base 5) to base 16.
-6
What is -12 (base 15) in base 8?
-21
-3 (base 7) to base 11
-3
415 (base 6) to base 12
10b
-10 (base 9) to base 3
-100
Convert 21 (base 11) to base 13.
1a
Convert -110 (base 2) to base 12.
-6
-1122 (base 4) to base 14
-66
Convert 8 (base 14) to base 9.
8
Convert -a (base 14) to base 9.
-11
-26 (base 12) to base 8
-36
Convert 49 (base 15) to base 5.
234
10 (base 5) to base 4
11
Convert 1b (base 15) to base 6.
42
101 (base 11) to base 14
8a
Convert 2 (base 11) to base 4.
2
1 (base 14) to base 15
1
-145 (base 6) to base 3
-2102
Convert -10 (base 14) to base 15.
-e
What is -101 (base 2) in base 9?
-5
Convert -1 (base 12) to base 2.
-1
What is -64 (base 9) in base 15?
-3d
-1040 (base 7) to base 16
-173
Convert 45 (base 9) to base 13.
32
Convert -7d (base 16) to base 7.
-236
What is -12 (base 10) in base 13?
-c
Convert 510 (base 6) to base 13.
114
-6 (base 16) to base 14
-6
What is -2 (base 11) in base 2?
-10
Convert 0 (base 14) to base 16.
0
f (base 16) to base 2
1111
What is -2 (base 16) in base 3?
-2
Convert 23 (base 11) to base 8.
31
-201 (base 11) to base 5
-1433
What is 5 (base 14) in base 3?
12
121 (base 8) to base 3
10000
10 (base 4) to base 16
4
What is 334 (base 5) in base 10?
94
What is -2 (base 8) in base 6?
-2
11 (base 10) to base 13
b
What is 2 (base 10) in base 9?
2
-33 (base 13) to base 8
-52
Convert -164 (base 8) to base 11.
-a6
What is 42 (base 13) in base 8?
66
Convert -8 (base 16) to base 5.
-13
-2 (base 3) to base 8
-2
What is 45 (base 8) in base 16?
25
What is -111002 (base 3) in base 14?
-1b3
-2 (base 8) to base 15
-2
0 (base 3) to base 5
0
Convert -126 (base 14) to base 11.
-19a
2 (base 14) to base 3
2
-14 (base 13) to base 2
-10001
5 (base 14) to base 2
101
Convert 2 (base 3) to base 7.
2
-54 (base 12) to base 6
-144
What is -23 (base 4) in base 3?
-102
-1 (base 12) to base 8
-1
Convert 0 (base 4) to base 11.
0
3 (base 8) to base 15
3
What is 2 (base 13) in base 7?
2
2 (base 15) to base 10
2
What is -2 (base 12) in base 2?
-10
-101 (base 2) to base 10
-5
0 (base 15) to base 4
0
What is b (base 12) in base 16?
b
3002 (base 4) to base 10
194
Convert 31 (base 13) to base 7.
55
Convert 11000 (base 2) to base 14.
1a
What is -42 (base 5) in base 11?
-20
What is 1111111 (base 2) in base 16?
7f
Convert 11 (base 3) to base 14.
4
-1 (base 15) to base 11
-1
What is 101 (base 5) in base 4?
122
What is a6 (base 11) in base 7?
224
What is 3 (base 15) in base 10?
3
32 (base 8) to base 15
1b
Convert 63 (base 9) to base 13.
45
12 (base 6) to base 15
8
Convert -5 (base 15) to base 6.
-5
Convert -e (base 16) to base 12.
-12
What is -12 (base 5) in base 9?
-7
What is 111 (base 4) in base 3?
210
-25 (base 8) to base 4
-111
-100 (base 7) to base 4
-301
What is 109 (base 12) in base 16?
99
3 (base 14) to base 13
3
-4 (base 12) to base 6
-4
Convert 2 (base 4) to base 11.
2
-23 (base 10) to base 15
-18
-75 (base 8) to base 12
-51
What is 3 (base 4) in base 12?
3
What is -8 (base 9) in base 4?
-20
-13 (base 9) to base 8
-14
-24 (base 11) to base 7
-35
Convert -10 (base 3) to base 14.
-3
Convert 1 (base 11) to base 13.
1
What is 22 (base 6) in base 4?
32
Convert 74 (base 9) to base 12.
57
Convert -18 (base 14) to base 8.
-26
-242 (base 5) to base 2
-1001000
-1 (base 5) to base 13
-1
Convert 33 (base 7) to base 6.
40
What is 183 (base 10) in base 2?
10110111
What is 1 (base 15) in base 16?
1
Convert -9 (base 10) to base 7.
-12
Convert -3 (base 7) to base 16.
-3
-14 (base 8) to base 12
-10
-10 (base 7) to base 4
-13
Convert 3 (base 5) to base 2.
11
Convert -214 (base 7) to base 8.
-155
Convert -10 (base 14) to base 11.
-13
Convert -3 (base 5) to base 10.
-3
Convert 1a (base 14) to base 6.
40
Convert -179 (base 13) to base 5.
-2034
Convert -2 (base 14) to base 7.
-2
1 (base 8) to base 4
1
Convert -11 (base 6) to base 10.
-7
What is -3 (base 6) in base 5?
-3
-b (base 14) to base 3
-102
21 (base 3) to base 12
7
22 (base 8) to base 4
102
What is -110 (base 3) in base 10?
-12
Convert -12 (base 7) to base 14.
-9
-10 (base 3) to base 2
-11
What is -39 (base 12) in base 4?
-231
What is 6 (base 11) in base 3?
20
Convert 33 (base 4) to base 14.
11
Convert 132 (base 4) to base 16.
1e
What is -e (base 15) in base 6?
-22
Convert 10 (base 9) to base 12.
9
What is 101 (base 2) in base 15?
5
Convert -10101 (base 2) to base 3.
-210
Convert -31 (base 4) to base 14.
-d
What is -14 (base 15) in base 10?
-19
Convert 3 (base 5) to base 6.
3
Convert -1101 (base 2) to base 10.
-13
What is -64 (base 7) in base 15?
-31
-5d (base 16) to base 2
-1011101
2 (base 14) to base 6
2
Convert -2 (base 15) to base 10.
-2
What is 8 (base 11) in base 9?
8
Convert 1 (base 15) to base 5.
1
Convert 25 (bas